{"id":1934,"date":"2023-07-11T09:21:04","date_gmt":"2023-07-11T03:51:04","guid":{"rendered":"https:\/\/witcritic.com\/?page_id=1934"},"modified":"2023-07-18T13:44:23","modified_gmt":"2023-07-18T08:14:23","slug":"famous-writers-around-the-world","status":"publish","type":"page","link":"https:\/\/witcritic.com\/index.php\/famous-writers-around-the-world\/","title":{"rendered":"Famous Writers Around the World"},"content":{"rendered":"\n<h2 class=\"wp-block-heading\">Famous Writers Around the World<\/h2>\n\n\n\n<h2 class=\"wp-block-heading\"><strong>Authors<\/strong><br>Spanish<\/h2>\n\n\n\n<p><a href=\"https:\/\/witcritic.com\/index.php\/who-is-alvaro-cepeda-samudio\/\" data-type=\"post\" data-id=\"1935\">\u00c1lvaro Cepeda Samudio<br><\/a><a href=\"https:\/\/witcritic.com\/index.php\/who-is-alvaro-mutis\/\" data-type=\"post\" data-id=\"1939\">\u00c1lvaro Mutis<br><\/a><a href=\"https:\/\/witcritic.com\/index.php\/who-is-adolfo-bioy-casares\/\" data-type=\"post\" data-id=\"1944\">Adolfo Bioy Casares<br><\/a><a href=\"https:\/\/witcritic.com\/index.php\/who-is-alejo-carpentier\/\" data-type=\"post\" data-id=\"1948\">Alejo Carpentier<br><\/a><a href=\"https:\/\/witcritic.com\/index.php\/who-is-antonio-benitez-rojo\/\" data-type=\"post\" data-id=\"1951\">Antonio Ben\u00edtez Rojo<br><\/a><a href=\"https:\/\/witcritic.com\/index.php\/who-is-antonio-skarmeta\/\" data-type=\"post\" data-id=\"1954\">Antonio Sk\u00e1rmeta<br><\/a><a href=\"https:\/\/witcritic.com\/index.php\/who-is-arturo-uslar-pietri\/\" data-type=\"post\" data-id=\"1958\">Arturo Uslar Pietri<br><\/a><a href=\"https:\/\/witcritic.com\/index.php\/who-is-augusto-roa-bastos\/\" data-type=\"post\" data-id=\"1962\">Augusto Roa Bastos<br><\/a><a href=\"https:\/\/witcritic.com\/index.php\/who-is-bonaparte-gautreaux-pineyro\/\" data-type=\"post\" data-id=\"1967\">Bonaparte Gautreaux Pi\u00f1eyro<br><\/a><a href=\"https:\/\/witcritic.com\/index.php\/who-is-carlos-fuentes-major-works-biography\/\" data-type=\"post\" data-id=\"1971\">Carlos Fuentes Carlos<br><\/a><a href=\"https:\/\/witcritic.com\/index.php\/carlos-martinez-moreno-life-history-works\/\" data-type=\"post\" data-id=\"1974\">Mart\u00ednez Moreno<br><\/a><a href=\"https:\/\/witcritic.com\/index.php\/who-is-cesar-vallejo-life-history\/\" data-type=\"post\" data-id=\"1977\">C\u00e9sar Vallejo<br><\/a>Ciro Alegr\u00eda<br>Eduardo Mallea<br>Elena Garro<br>Emilio D\u00edaz Valc\u00e1rcel<br>Ernesto Cardenal<br>Felisberto Hern\u00e1ndez<br>F\u00e9lix Pita Rodr\u00edguez<br>Franklin Mieses Burgos<br>Gabriel Garc\u00eda M\u00e1rquez<br>Guillermo Cabrera Infante<br>Heberto Padilla<br>Hernando T\u00e9llez<br>Horacio Quiroga<br>Jes\u00fas D\u00edaz<br>Jorge Ibarg\u00fcengoitia<br>Jorge Luis Borges<br>Jos\u00e9 Alc\u00e1ntara Alm\u00e1nzar<br>Jos\u00e9 Donoso<br>Jos\u00e9 Emilio Pacheco<br>Jos\u00e9 Luis Gonz\u00e1lez<br>Jos\u00e9 Mar\u00eda Arguedas Jos\u00e9<br>Mart\u00ed<br>Juan Bosch<br>Juan Carlos Onetti<br>Juan Rulfo<br>Julia de Burgos<br>Julio Cort\u00e1zar<br>Julio Ram\u00f3n Ribeyro<br>Liliana Heker<br>Lino Nov\u00e1s Calvo<br>Manuel Mujica Lainez<br>Manuel Rojas<br>Manuel Rueda<br>Mar\u00eda Luisa Bombal<br>Mario Benedetti<br>Miguel \u00c1ngel Asturias<br>Onelio Jorge Cardoso<br>\u00d3scar Collazos<br>Pablo Antonio Cuadra<br>Pablo Neruda<br>Pedro G\u00f3mez Valderrama<br>Reinaldo Arenas<br>Ricardo Piglia<br>Roberto Arlt<br>Roberto Bola\u00f1o<br>Roberto Fern\u00e1ndez Retamar<br>R\u00f3mulo Gallegos<br>Roque Dalton<br>Rosario Ferr\u00e9<br>Sergio Ram\u00edrez<br>Virgilio D\u00edaz Grull\u00f3n<\/p>\n\n\n\n<h2 class=\"wp-block-heading\">English<\/h2>\n\n\n\n<p>Aldous Huxley (1894-1963)<br>Alice Munro (1931\u2013)<br>Ambrose Bierce (1842-1914)<br>Amy Hempel (1951\u2013)<br>Arthur Conan Doyle (1859-1930)<br>Bernard Malamud(1914-1986)<br>Bret Harte (1836-1902)<br>Carson McCullers (1917-1967)<br>Charles Dickens (1812-1870)<br>Cynthia Ozick (1928-)<br>DH Lawrence (1885\u20141930)<br>Doris Lessing (1919-2013)<br>Edgar Allan Poe ( 1809-1849)<br>EL Doctorow (1931-2015)<br>Ernest Hemingway (1898-1961)<br>Eudora Welty (1909-2001)<br>F. Scott Fitzgerald (1896\u20131940)<br>Flannery O&#8217;Connor (1925-1964)<br>GK Chesterton (1874-1936)<br>George Saunders (1958-)<br>Grace Paley (1922-2007)<br>Graham Greene (1904\u20131991)<br>Henry James (1843-1916)<br>Herman Melville (1819-1891)<br>HG Wells (1866\u20141946)<br>Ian McEwan (1948-)<br>Isak Dinesen (1885\u20131962)<br>JD Salinger (1919-2010)<br>Jack London (1876\u20131916)<br>James Joyce (1882-1941)<br>James Thurber (1894-1961)<br>Jhumpa Lahiri (1967-)<br>John Cheever (1912-1982)<br>John O&#8217;Hara (1905-1970)<br>John Steinbeck (1902-1968)<br>John Updike (1932-2009)<br>Joseph Conrad (1857-1924)<br>Joy Williams (1944\u2013)<br>Joyce Carol Oates (1938-)<br>Kate Chopin (1850\u20131904)<br>Katherine Anne Porter (1890-1980)<br>Katherine Mansfield (1888-1923)<br>Lorrie Moore (1957\u2013)<br>Louise Erdrich (1954\u2013)<br>Lydia Davis (1947\u2013)<br>Margaret Atwood (1939\u2013)<br>Mark Twain (1835 -1910)<br>Nathaniel Hawthorne (1804-1864)<br>O. Henry (1862-1910)<br>Oscar Wilde (1854-1900)<br>Philip Roth (1933-2018)<br>Raymond Carver (1938-1988)<br>Richard Ford (1944-)<br>Rudyard Kipling (1865- 1936)<br>Sarah Orne Jewett (1849\u20131909)<br>Saul Bellow (1915-2005)<br>Sherwood Anderson (1876-1941)<br>Shirley Jackson (1916\u20131965)<br>Stephen Crane (1871-1900)<br>Susan Sontag (1933-2004)<br>TS Eliot (1888-1965)<br>Tim O&#8217;Brien (1946 \u2013)<br>Tobias Wolff (1945\u2013)<br>Truman Capote (1924-1984)<br>Virginia Woolf (1882-1941)<br>W. Somerset Maugham (1874\u20131965)<br>Washington Irving (1783-1859)<br>Willa Cather (1873-1947)<br>William Faulkner (1897-1962)<\/p>\n","protected":false},"excerpt":{"rendered":"<p>Famous Writers Around the World AuthorsSpanish \u00c1lvaro Cepeda Samudio\u00c1lvaro MutisAdolfo Bioy CasaresAlejo CarpentierAntonio Ben\u00edtez RojoAntonio Sk\u00e1rmetaArturo Uslar PietriAugusto Roa BastosBonaparte [&hellip;]<\/p>\n","protected":false},"author":1,"featured_media":0,"parent":0,"menu_order":0,"comment_status":"closed","ping_status":"closed","template":"","meta":{"googlesitekit_rrm_CAow3MbQCw:productID":"","site-sidebar-layout":"default","site-content-layout":"","ast-site-content-layout":"","site-content-style":"default","site-sidebar-style":"default","ast-global-header-display":"","ast-banner-title-visibility":"","ast-main-header-display":"","ast-hfb-above-header-display":"","ast-hfb-below-header-display":"","ast-hfb-mobile-header-display":"","site-post-title":"","ast-breadcrumbs-content":"","ast-featured-img":"","footer-sml-layout":"","theme-transparent-header-meta":"","adv-header-id-meta":"","stick-header-meta":"","header-above-stick-meta":"","header-main-stick-meta":"","header-below-stick-meta":"","astra-migrate-meta-layouts":"default","ast-page-background-enabled":"default","ast-page-background-meta":{"desktop":{"background-color":"var(--ast-global-color-4)","background-image":"","background-repeat":"repeat","background-position":"center center","background-size":"auto","background-attachment":"scroll","background-type":"","background-media":"","overlay-type":"","overlay-color":"","overlay-opacity":"","overlay-gradient":""},"tablet":{"background-color":"","background-image":"","background-repeat":"repeat","background-position":"center center","background-size":"auto","background-attachment":"scroll","background-type":"","background-media":"","overlay-type":"","overlay-color":"","overlay-opacity":"","overlay-gradient":""},"mobile":{"background-color":"","background-image":"","background-repeat":"repeat","background-position":"center center","background-size":"auto","background-attachment":"scroll","background-type":"","background-media":"","overlay-type":"","overlay-color":"","overlay-opacity":"","overlay-gradient":""}},"ast-content-background-meta":{"desktop":{"background-color":"var(--ast-global-color-5)","background-image":"","background-repeat":"repeat","background-position":"center center","background-size":"auto","background-attachment":"scroll","background-type":"","background-media":"","overlay-type":"","overlay-color":"","overlay-opacity":"","overlay-gradient":""},"tablet":{"background-color":"var(--ast-global-color-5)","background-image":"","background-repeat":"repeat","background-position":"center center","background-size":"auto","background-attachment":"scroll","background-type":"","background-media":"","overlay-type":"","overlay-color":"","overlay-opacity":"","overlay-gradient":""},"mobile":{"background-color":"var(--ast-global-color-5)","background-image":"","background-repeat":"repeat","background-position":"center center","background-size":"auto","background-attachment":"scroll","background-type":"","background-media":"","overlay-type":"","overlay-color":"","overlay-opacity":"","overlay-gradient":""}},"jetpack_post_was_ever_published":false,"footnotes":""},"class_list":["post-1934","page","type-page","status-publish","hentry"],"jetpack-related-posts":[{"id":2022,"url":"https:\/\/witcritic.com\/index.php\/american-literature\/","url_meta":{"origin":1934,"position":0},"title":"American Literature","author":"witcritic","date":"July 12, 2023","format":false,"excerpt":"American Literature The period of American literature from the 17th to the 19th century encompasses the early colonization of America, the exploration of the land, and the diverse cultural backgrounds of the people who settled there. Here are some key points about American literature during this time: 1. Cultural Diversity:\u2026","rel":"","context":"Similar post","block_context":{"text":"Similar post","link":""},"img":{"alt_text":"","src":"https:\/\/i0.wp.com\/witcritic.com\/wp-content\/uploads\/2023\/07\/columbus.jpg?resize=350%2C200&ssl=1","width":350,"height":200,"srcset":"https:\/\/i0.wp.com\/witcritic.com\/wp-content\/uploads\/2023\/07\/columbus.jpg?resize=350%2C200&ssl=1 1x, https:\/\/i0.wp.com\/witcritic.com\/wp-content\/uploads\/2023\/07\/columbus.jpg?resize=525%2C300&ssl=1 1.5x, https:\/\/i0.wp.com\/witcritic.com\/wp-content\/uploads\/2023\/07\/columbus.jpg?resize=700%2C400&ssl=1 2x"},"classes":[]},{"id":3184,"url":"https:\/\/witcritic.com\/index.php\/literature\/","url_meta":{"origin":1934,"position":1},"title":"Literature","author":"witcritic","date":"May 13, 2025","format":false,"excerpt":"Welcome to Wit Critic British Literature, World Literature, Literary Criticism & Theories, E- Books, Art Tourism, News & etc British Literature Greco-Roman PeriodOld English LiteratureMiddle English PeriodAge of ChaucerAge of RevivalThe RenaissanceElizabethan AgeJacobean AgeCaroline Age\u00a0Commonwealth PeriodThe Neoclassical PeriodRestoration PeriodThe Augustan AgeAge of SensibilityThe Romantic PeriodThe Victorian PeriodThe Modern PeriodThe Post\u2026","rel":"","context":"Similar post","block_context":{"text":"Similar post","link":""},"img":{"alt_text":"British Literature","src":"https:\/\/i0.wp.com\/witcritic.com\/wp-content\/uploads\/2023\/07\/image-23-2.png?resize=350%2C200&ssl=1","width":350,"height":200},"classes":[]},{"id":90,"url":"https:\/\/witcritic.com\/index.php\/glossary-of-literary-terms\/","url_meta":{"origin":1934,"position":2},"title":"Glossary of literary terms","author":"witcritic","date":"December 4, 2023","format":false,"excerpt":"Glossary of Literary Terms This glossary of literary terms is a list of definitions of terms and concepts used in the discussion, classification, analysis, and criticism of all types of literature, such as poetry, novels, and picture books, as well as of grammar, syntax, and language techniques. Literary terms A\u2026","rel":"","context":"Similar post","block_context":{"text":"Similar post","link":""},"img":{"alt_text":"Glossary of Literary Terms","src":"https:\/\/i0.wp.com\/witcritic.com\/wp-content\/uploads\/2023\/07\/Dramatic-monologue-1024x683.jpg?resize=350%2C200&ssl=1","width":350,"height":200,"srcset":"https:\/\/i0.wp.com\/witcritic.com\/wp-content\/uploads\/2023\/07\/Dramatic-monologue-1024x683.jpg?resize=350%2C200&ssl=1 1x, https:\/\/i0.wp.com\/witcritic.com\/wp-content\/uploads\/2023\/07\/Dramatic-monologue-1024x683.jpg?resize=525%2C300&ssl=1 1.5x, https:\/\/i0.wp.com\/witcritic.com\/wp-content\/uploads\/2023\/07\/Dramatic-monologue-1024x683.jpg?resize=700%2C400&ssl=1 2x"},"classes":[]}],"jetpack_sharing_enabled":true,"_links":{"self":[{"href":"https:\/\/witcritic.com\/index.php\/wp-json\/wp\/v2\/pages\/1934","targetHints":{"allow":["GET"]}}],"collection":[{"href":"https:\/\/witcritic.com\/index.php\/wp-json\/wp\/v2\/pages"}],"about":[{"href":"https:\/\/witcritic.com\/index.php\/wp-json\/wp\/v2\/types\/page"}],"author":[{"embeddable":true,"href":"https:\/\/witcritic.com\/index.php\/wp-json\/wp\/v2\/users\/1"}],"replies":[{"embeddable":true,"href":"https:\/\/witcritic.com\/index.php\/wp-json\/wp\/v2\/comments?post=1934"}],"version-history":[{"count":5,"href":"https:\/\/witcritic.com\/index.php\/wp-json\/wp\/v2\/pages\/1934\/revisions"}],"predecessor-version":[{"id":2297,"href":"https:\/\/witcritic.com\/index.php\/wp-json\/wp\/v2\/pages\/1934\/revisions\/2297"}],"wp:attachment":[{"href":"https:\/\/witcritic.com\/index.php\/wp-json\/wp\/v2\/media?parent=1934"}],"curies":[{"name":"wp","href":"https:\/\/api.w.org\/{rel}","templated":true}]}}